factor of 41584 and 32.
16
Calculate the highest common factor of 216 and 41580.
108
Calculate the greatest common divisor of 2907 and 1989.
153
What is the highest common divisor of 5 and 945?
5
Calculate the highest common factor of 124 and 6332.
4
Calculate the greatest common factor of 1520864 and 64.
32
What is the highest common divisor of 855 and 400805?
95
Calculate the highest common divisor of 24790 and 111.
37
What is the greatest common divisor of 1464 and 11911836?
732
What is the greatest common factor of 24780 and 112560?
420
What is the highest common factor of 174638 and 145?
29
What is the greatest common factor of 3321 and 2173?
41
What is the highest common factor of 53136 and 18360?
216
What is the greatest common factor of 165 and 256795?
55
Calculate the greatest common divisor of 8603 and 623.
7
Calculate the greatest common divisor of 9296 and 153776.
112
Calculate the highest common divisor of 309100 and 400.
100
What is the highest common divisor of 1040 and 42185?
65
What is the highest common divisor of 2046 and 162657?
1023
Calculate the highest common factor of 3619 and 16027.
517
What is the highest common factor of 228 and 224004?
12
Calculate the greatest common factor of 772956 and 68.
68
Calculate the highest common factor of 40 and 117740.
20
Calculate the highest common factor of 147 and 600663.
21
Calculate the greatest common divisor of 171438 and 3.
3
What is the highest common divisor of 16440 and 3960?
120
What is the greatest common divisor of 50 and 812425?
25
Calculate the greatest common divisor of 759291 and 156.
39
Calculate the greatest common divisor of 6786431 and 562.
281
What is the greatest common factor of 3 and 7019?
1
What is the highest common divisor of 11462 and 55?
11
What is the greatest common divisor of 4491850 and 1650?
550
Calculate the greatest common factor of 46151 and 399.
133
What is the greatest common factor of 131 and 795563?
131
Calculate the highest common divisor of 628087 and 835.
167
Calculate the greatest common divisor of 65746 and 1389.
463
Calculate the highest common divisor of 147 and 5817.
21
Calculate the greatest common divisor of 3508 and 4517427.
877
Calculate the greatest common factor of 16779 and 4371.
141
What is the greatest common factor of 14868 and 64015?
413
What is the highest common divisor of 234 and 774423?
117
What is the highest common factor of 6596 and 14356?
388
What is the highest common factor of 5 and 37369?
1
Calculate the greatest common factor of 15 and 888285.
15
Calculate the greatest common factor of 300 and 354675.
75
Calculate the highest common factor of 175912 and 110.
22
Calculate the greatest common factor of 338933 and 98.
49
What is the highest common factor of 1571916 and 348?
348
Calculate the highest common factor of 5 and 49915.
5
Calculate the greatest common divisor of 3601 and 637.
13
What is the highest common factor of 338895 and 765?
765
Calculate the greatest common factor of 1890 and 530.
10
Calculate the greatest common divisor of 26 and 129519.
13
Calculate the greatest common divisor of 1755 and 2197.
13
What is the greatest common divisor of 39 and 281437?
13
What is the highest common divisor of 1301662 and 598?
46
Calculate the greatest common divisor of 10824 and 216.
24
Calculate the greatest common divisor of 65724 and 156.
12
What is the highest common factor of 25683 and 336?
21
What is the greatest common factor of 81389 and 77?
77
What is the highest common factor of 200 and 62200?
200
Calculate the highest common divisor of 423 and 4716.
9
What is the greatest common divisor of 51069 and 261?
87
Calculate the greatest common factor of 210944 and 11776.
512
What is the highest common divisor of 845 and 1259765?
65
What is the highest common factor of 8120 and 448?
56
What is the highest common divisor of 1712 and 435918?
214
Calculate the greatest common divisor of 12924 and 603.
9
Calculate the greatest common divisor of 15998292 and 68.
68
What is the highest common divisor of 6094 and 30193?
277
What is the greatest common divisor of 168 and 15480?
24
What is the highest common factor of 197 and 3493795?
197
Calculate the greatest common factor of 1890 and 16345.
35
What is the highest common divisor of 66010 and 3444?
574
Calculate the highest common factor of 434 and 340200.
14
What is the highest common divisor of 371664 and 4984?
712
Calculate the greatest common divisor of 37368 and 351.
27
Calculate the greatest common divisor of 24860 and 704.
44
Calculate the greatest common divisor of 34556 and 44.
4
Calculate the greatest common factor of 1295 and 114071.
37
Calculate the highest common divisor of 2169567 and 1.
1
Calculate the highest common factor of 52 and 15052.
4
Calculate the greatest common divisor of 928621 and 1.
1
What is the highest common factor of 10854 and 4878?
18
What is the highest common divisor of 657 and 20673?
9
What is the highest common divisor of 66844 and 544?
68
Calculate the greatest common divisor of 396 and 9738.
18
What is the highest common factor of 48714 and 60?
6
What is the greatest common factor of 86 and 384?
2
Calculate the highest common divisor of 33 and 105325.
11
What is the greatest common factor of 80 and 29104?
16
What is the highest common factor of 143 and 335401?
11
What is the greatest common divisor of 4353 and 27?
3
What is the greatest common divisor of 5929 and 22990?
121
Calculate the highest common factor of 4930742 and 656.
82
Calculate the highest common divisor of 11082 and 42.
6
What is the highest common factor of 4 and 41?
1
What is the greatest common divisor of 100 and 16525?
25
Calculate the greatest common factor of 951191 and 159.
53
Calculate the greatest common factor of 1842224 and 32.
16
What is the greatest common factor of 3032566 and 146?
146
What is the highest common divisor of 891 and 83673?
81
What is the highest common divisor of 5373 and 149847?
597
Calculate the greatest common factor of 748 and 4378.
22
What is the greatest common factor of 1841422 and 44?
22
What is the greatest common divisor of 2266 and 32342?
206
What is the greatest common factor of 732 and 1974?
6
Calculate the highest common factor of 768 and 792.
24
What is the highest common factor of 198 and 1676169?
99
What is the highest common factor of 252 and 68922?
126
Calculate the highest common factor of 28220 and 3740.
340
Calculate the highest common factor of 80307 and 54.
9
What is the greatest common divisor of 103424 and 4949?
101
What is the greatest common factor of 828 and 4876?
92
What is the highest common divisor of 310 and 550?
10
What is the greatest common factor of 56 and 1064336?
56
What is the greatest common divisor of 261 and 135?
9
What is the greatest common factor of 6214 and 585?
13
What is the highest common divisor of 2600838 and 18?
18
What is the highest common divisor of 92326 and 21775?
871
What is the greatest common divisor of 2084284 and 74?
74
Calculate the greatest common divisor of 510 and 4114.
34
Calculate the highest common divisor of 52961 and 844.
211
Calculate the highest common factor of 3127698 and 721.
721
Calculate the highest common factor of 160 and 241160.
40
Calculate the greatest common factor of 1362 and 729578.
454
What is the highest common divisor of 35 and 634655?
35
What is the highest common factor of 10527 and 14157?
363
Calculate the greatest common factor of 235 and 2773.
47
Calculate the highest common divisor of 13664 and 45811.
61
Calculate the highest common divisor of 84954 and 78.
6
What is the greatest common factor of 623128 and 418?
22
Calculate the greatest common divisor of 351 and 832.
13
Calculate the highest common factor of 167467 and 85.
17
What is the greatest common factor of 231095 and 20?
5
What is the highest common divisor of 1201189 and 11?
11
What is the greatest common factor of 14812 and 34385?
529
What is the highest common divisor of 1234 and 14?
2
Calculate the greatest common divisor of 141 and 79.
1
Calculate the greatest common factor of 36856 and 306.
34
Calculate the greatest common factor of 644 and 378488.
92
Calculate the highest common factor of 3650 and 37800.
50
What is the highest common factor of 1616 and 230987?
101
Calculate t